thousands digit of 23138930?
1
What is the units digit of 294491573?
3
What is the ten millions digit of 64814953?
6
What is the units digit of 19936621?
1
What is the thousands digit of 6281435?
1
What is the millions digit of 111021895?
1
What is the hundreds digit of 11925220?
2
What is the billions digit of 3910089178?
3
What is the millions digit of 16488411?
6
What is the hundred thousands digit of 3356720476?
7
What is the hundred thousands digit of 25509460?
5
What is the hundred thousands digit of 2638289527?
2
What is the hundreds digit of 1723794193?
1
What is the thousands digit of 250753719?
3
What is the hundred millions digit of 1001646432?
0
What is the ten millions digit of 159986669?
5
What is the units digit of 79765505?
5
What is the units digit of 16177822?
2
What is the thousands digit of 308577936?
7
What is the millions digit of 330740960?
0
What is the hundreds digit of 188619174?
1
What is the hundreds digit of 690243732?
7
What is the tens digit of 11183183?
8
What is the units digit of 2272206100?
0
What is the ten thousands digit of 231967533?
6
What is the thousands digit of 54807349?
7
What is the tens digit of 62543198?
9
What is the ten thousands digit of 55287506?
8
What is the ten thousands digit of 2132654479?
5
What is the millions digit of 225353295?
5
What is the hundred thousands digit of 57426487?
4
What is the millions digit of 128057464?
8
What is the ten millions digit of 566027629?
6
What is the hundred thousands digit of 1410793889?
7
What is the hundreds digit of 8196094?
0
What is the hundreds digit of 51933659?
6
What is the ten millions digit of 2973913908?
7
What is the units digit of 197845406?
6
What is the tens digit of 102441232?
3
What is the thousands digit of 2613359945?
9
What is the ten thousands digit of 1358418566?
1
What is the units digit of 960134179?
9
What is the hundred thousands digit of 989095759?
0
What is the hundred thousands digit of 134773794?
7
What is the ten millions digit of 70400201?
7
What is the hundreds digit of 54845446?
4
What is the units digit of 25687741?
1
What is the units digit of 1233297073?
3
What is the millions digit of 39243832?
9
What is the ten thousands digit of 829303407?
0
What is the units digit of 983621976?
6
What is the ten millions digit of 60791412?
6
What is the units digit of 910536911?
1
What is the billions digit of 3983952606?
3
What is the units digit of 14580046?
6
What is the units digit of 46880152?
2
What is the hundred thousands digit of 2008443174?
4
What is the tens digit of 35829848?
4
What is the thousands digit of 1279445295?
5
What is the ten millions digit of 80816297?
8
What is the hundred millions digit of 1045607547?
0
What is the ten millions digit of 1087955709?
8
What is the hundred thousands digit of 1096988996?
9
What is the hundred millions digit of 716984351?
7
What is the tens digit of 17654346?
4
What is the ten thousands digit of 76707501?
0
What is the hundred millions digit of 140244394?
1
What is the ten thousands digit of 571101574?
0
What is the hundred thousands digit of 125127991?
1
What is the units digit of 454110375?
5
What is the ten millions digit of 474164946?
7
What is the hundreds digit of 504227684?
6
What is the hundreds digit of 82519724?
7
What is the hundred thousands digit of 190993399?
9
What is the ten thousands digit of 6198290429?
9
What is the millions digit of 1718665110?
8
What is the millions digit of 2032048684?
2
What is the thousands digit of 1775364781?
4
What is the hundred thousands digit of 934631519?
6
What is the tens digit of 84916838?
3
What is the units digit of 43935288?
8
What is the units digit of 93630540?
0
What is the hundreds digit of 41870869?
8
What is the tens digit of 53837897?
9
What is the units digit of 285468614?
4
What is the ten thousands digit of 173259856?
5
What is the thousands digit of 573890594?
0
What is the hundreds digit of 94082446?
4
What is the millions digit of 453078307?
3
What is the millions digit of 31134332?
1
What is the tens digit of 2271872635?
3
What is the hundred millions digit of 633321192?
6
What is the thousands digit of 327547717?
7
What is the billions digit of 2065402076?
2
What is the thousands digit of 235069809?
9
What is the thousands digit of 1361535021?
5
What is the units digit of 277619674?
4
What is the ten thousands digit of 42094648?
9
What is the hundred millions digit of 145178105?
1
What is the hundreds digit of 209727665?
6
What is the ten thousands digit of 50957206?
5
What is the hundreds digit of 123539805?
8
What is the millions digit of 170924529?
0
What is the hundred millions digit of 180823745?
1
What is the millions digit of 103854172?
3
What is the thousands digit of 2512006543?
6
What is the ten thousands digit of 334980988?
8
What is the billions digit of 6450803574?
6
What is the hundreds digit of 3041344917?
9
What is the thousands digit of 124485724?
5
What is the units digit of 5056521406?
6
What is the tens digit of 41387953?
5
What is the thousands digit of 240345665?
5
What is the billions digit of 4527606234?
4
What is the tens digit of 168714988?
8
What is the ten thousands digit of 6483859?
8
What is the ten thousands digit of 26077367?
7
What is the hundred thousands digit of 40654523?
6
What is the hundred thousands digit of 269579253?
5
What is the ten thousands digit of 52588329?
8
What is the hundreds digit of 82225315?
3
What is the hundreds digit of 32794133?
1
What is the hundred millions digit of 2796351681?
7
What is the ten thousands digit of 396951236?
5
What is the hundreds digit of 114307967?
9
What is the hundred thousands digit of 706352155?
3
What is the units digit of 801770559?
9
What is the ten thousands digit of 1353015?
5
What is the thousands digit of 2304874031?
4
What is the hundreds digit of 2848320656?
6
What is the units digit of 1860549878?
8
What is the ten millions digit of 6648830243?
4
What is the tens digit of 52454107?
0
What is the ten thousands digit of 103607965?
0
What is the units digit of 619802043?
3
What is the ten millions digit of 45676653?
4
What is the thousands digit of 846266930?
6
What is the ten thousands digit of 6684220?
8
What is the millions digit of 5430644?
5
What is the millions digit of 295705998?
5
What is the hundred millions digit of 1029592767?
0
What is the hundreds digit of 270120830?
8
What is the hundred thousands digit of 1714525328?
5
What is the thousands digit of 307872854?
2
What is the tens digit of 461604919?
1
What is the hundred thousands digit of 5480809919?
8
What is the thousands digit of 51119179?
9
What is the thousands digit of 7370871565?
1
What is the units digit of 7387177?
7
What is the thousands digit of 519040142?
0
What is the ten millions digit of 48902058?
4
What is the ten thousands digit of 1469007475?
0
What is the ten thousands digit of 12345466?
4
What is the tens digit of 218982884?
8
What is the hundreds digit of 59955714?
7
What is the ten millions digit of 236013897?
3
What is the ten millions digit of 54293046?
5
What is the hundreds digit of 369349553?
5
What is the hundred thousands digit of 92051535?
0
What is the ten thousands digit of 392774452?
7
What is the hundred thousands digit of 46748007?
7
What is the ten millions digit of 192471412?
9
What is the ten millions digit of 328420649?
2
What is the ten thousands digit of 222217307?
1
What is the ten millions digit of 38089776?
3
What is the millions digit of 674540900?
4
What is the hundred millions digit of 135621128?
1
What is the hundred millions digit of 140514315?
1
What is the hundred thousands digit of 38850265?
8
What is the hundred thousands digit of 34499408?
4
What is the ten millions digit of 368234499?
6
What is the units digit of 7213023?
3
What is the tens digit of 346702091?
9
What is the ten thousands digit of 3156740594?
4
What is the thousands digit of 126209694?
9
What is the thousands digit of 1645420894?
0
What is the billions digit of 1040424962?
1
What is the tens digit of 792187294?
9
What is the hundred thousands digit of 439838145?
8
What is the tens digit of 26071848?
4
What is the hundreds digit of 732396756?
7
What is the hundred thousands digit of 1001004273?
0
What is the ten millions digit o